
1
Suppose 16 = -0*j + 4*j. Let d(o) = o - 8. Let c(k) = -1. Let t(v) = c(v) - d(v). What is the units digit of t(j)?
3
What is the hundreds digit of ((-3)/60*-8)/(2/800)?
1
What is the units digit of -12*(-3 + (-20)/(-15))?
0
Let t = 5 - 5. Let m(v) = v + 46. Let j be m(t). Let w = j + -33. What is the tens digit of w?
1
Let u(n) = 59*n**2 + 1. Let p be u(1). Suppose 2*z = -c + 12, 2*z - p = -4*c - c. What is the units digit of c?
2
What is the units digit of (-3 - (2 - 4))*-64?
4
What is the units digit of (22 - (4 - 2))/(2/9)?
0
What is the tens digit of (50/(-4))/(6/(-4) + 1)?
2
Let s(d) = 2*d**2 + 9*d + 3. Let r(k) = k**2 + k + 1. Let p(z) = -3*r(z) + s(z). Let f be p(5). What is the units digit of 1/f - (-48)/10?
5
Let i = 34 + -16. Suppose -h = -0*h - i. What is the tens digit of h?
1
Suppose -15 = 5*x, -7*p - 4*x - 24 = -4*p. Let d = p - -7. What is the units digit of (12/(-9))/((-1)/d)?
4
Let c be (-2)/6 - 4/(-3). Let i(y) = 64*y**2 - y. Let l be i(c). Suppose -l = -2*h - h. What is the tens digit of h?
2
Suppose -2*l - 4*q - 569 = -7*l, 2*q + 454 = 4*l. What is the tens digit of l?
1
Let v(m) = -m**3 - m**2 + m - 1. Let l be v(0). What is the units digit of 7*(-1 - -2) + l?
6
Let l(q) = q**3 + 5*q**2 - 4*q + 9. What is the hundreds digit of l(4)?
1
Let o(h) = -h**2 - h + 1. Let l be o(-2). Let g be (1/l)/(6/(-66)). Suppose -g = -4*y + 1. What is the units digit of y?
3
Let n be (-2)/4 + 369/18. Let k = n - 13. Let p = 15 - k. What is the units digit of p?
8
Suppose 3*r + 884 = 4*a + r, 5*a = 3*r + 1106. What is the units digit of a?
0
Let p(o) = -o**3 - 5*o**2 - 5*o + 4. Let a be p(-6). Suppose -a = -5*w + 3*w. What is the units digit of w?
5
Let o be 1*(3/(-3) + 3). Suppose 0 = 5*r - 3*i - 37, -o*r + 5*i = -3*r + 13. What is the units digit of r?
8
Suppose 4*a = 2*a - 6, q - 303 = -a. Let x be (3/(-6))/((-3)/q). What is the units digit of 2/(12/x)*2?
7
Let f(z) = 24*z + 13. What is the units digit of f(4)?
9
Suppose -4*n + 2*p = -6, 5*p = -n + 5*n - 3. Suppose 4*d + 21 = 4*x + 5, -n*d - 4*x + 22 = 0. Let g = 13 - d. What is the tens digit of g?
1
Let c = 66 - 38. What is the units digit of c?
8
Suppose 0*l - l + 6 = 0. What is the units digit of l?
6
Suppose c + 3*i = -3, 0 = -4*c - 3*i + 2*i + 43. What is the units digit of c?
2
Let b be (-25)/(-20)*1*-28. Let t = -24 - b. What is the tens digit of t?
1
Suppose -v + 12 = 2*v. Let c = 6 - v. Suppose -2*h = -y + 6, 3*y - c = -2*y - 4*h. What is the units digit of y?
2
Let j = -7 - -7. Suppose 5*q + 52 + 108 = j. Let o = -22 - q. What is the units digit of o?
0
Let t = 103 - 29. What is the units digit of t?
4
Let d(v) = 3*v - 8. Let o be d(6). Let i = 41 + -50. Let n = o - i. What is the units digit of n?
9
Let a be ((-12)/5)/(3/(-10)). Suppose -4*d - 13 = 4*f - 1, -4*d = 2*f. Let v = f + a. What is the units digit of v?
2
Let u(t) = t + 3. Let n be 14/63 + 4/(-18). What is the units digit of u(n)?
3
Suppose -14*c + 3666 + 842 = 0. What is the units digit of c?
2
Suppose -3*l + 2 = -55. Let p(x) = x + 4. Let c be p(2). Let o = l - c. What is the tens digit of o?
1
Let u = -143 - -248. What is the units digit of u?
5
Let p(u) = 3*u**2 + 8*u - 8. What is the hundreds digit of p(5)?
1
Let h = 19 + -20. What is the units digit of 3*((-32)/(-6) + h)?
3
Suppose -6*m - 84 = -9*m. Suppose 7*x - m = 6*x. What is the units digit of x?
8
Let z(s) = s**2 - 5*s - 8. Let g(p) = -p + 7. Let l be g(0). What is the units digit of z(l)?
6
Suppose 0 = 4*i - 122 - 54. Suppose 5 = -a, -5*c - 2*a + i = -11. What is the units digit of c?
3
Let o(n) = 62*n**3 - n + 1. Let q be o(1). Suppose 6 = 2*l + l, -4*v + q = -3*l. What is the tens digit of v?
1
Let s = -5 - -5. Let q be (s - 3)/((-2)/(-6)). Let f = q - -19. What is the units digit of f?
0
Suppose -k = k + 2, -5*c = -5*k - 240. What is the tens digit of c?
4
Let u(h) = -2*h**2 - 8*h - 6. Let m be u(-5). Let g = 44 + m. What is the units digit of g?
8
What is the units digit of (-3)/(-15) - ((-12)/15 + -3)?
4
Let b be (-7 + 6)/(0 - 1). Suppose n - 5*c + 3 = 5*n, -c - b = 0. What is the units digit of n?
2
What is the tens digit of ((-153)/4)/(21/(-112)*2)?
0
Let i(h) = h**2 - 5*h - 10. Let b be i(7). What is the units digit of 1 - (-3)/(12/b)?
2
Let b(z) be the first derivative of 2*z**3/3 + 5*z**2 + 3. What is the tens digit of b(-7)?
2
Let f be (3/6)/((-2)/64). Let w = 1 - f. Suppose 13 = 3*m - w. What is the tens digit of m?
1
Let w(q) = 3*q**2 + 1. What is the hundreds digit of w(-6)?
1
Let z(l) = -l - 4. Let o be z(-7). Let p be 1/o + 100/15. What is the tens digit of (-2)/p + 894/42?
2
Let x(b) = 3*b**2 - 35*b - 17. What is the units digit of x(14)?
1
Suppose 0 = -5*h + 3*h - 2. Let r = h + 5. What is the units digit of r?
4
What is the tens digit of (-12)/28 - 880/(-28)?
3
Let n = -43 + 91. What is the units digit of n?
8
Suppose 39*g - 16 = 38*g. What is the tens digit of g?
1
Suppose -5*k + 740 = 5*k. What is the tens digit of k?
7
Let j(y) = y + 56. What is the units digit of j(0)?
6
Suppose 0 = -3*d + 8*d + 20. Let k = -1 - d. Suppose 25 = 5*z - 5*m, 4*z + 0*m + 1 = -k*m. What is the units digit of z?
2
Let p = 0 + -1. What is the units digit of p + 1 + 1 - -13?
4
Suppose 4*b + g - 4 = 23, -4*g - 39 = -5*b. Let d(j) = -3 - j - 6 + 3*j. What is the units digit of d(b)?
5
Let a(x) = 7 + 0*x - 4*x**2 + 3*x - x**3 + 2*x. What is the units digit of a(-5)?
7
Suppose -b + 7 = -c, 2*b + 2*c = -c + 9. What is the units digit of 10/(-4)*b/(-5)?
3
What is the units digit of 27*(-5 - 1)*(-20)/40?
1
Let g = 2 - -1. Suppose -7*k = -g*k. Suppose l - 3 = -k*l. What is the units digit of l?
3
What is the tens digit of (-2)/(-9) + ((-4085)/(-9))/5?
9
Let j = 16 + -10. What is the units digit of j?
6
Let a(b) be the second derivative of 1/20*b**5 + 0 + 0*b**2 - 1/12*b**4 - 3*b + 0*b**3. What is the units digit of a(2)?
4
Suppose 0*d = 3*d - 12. Suppose -5*x = 4*w - 57, d*w - 2 - 10 = 4*x. What is the units digit of w?
8
Suppose 5*q = 4*c + 92, -3*q + 13 = 5*c - 20. What is the units digit of q?
6
Suppose 3*g - 7*g = 108. Let q = 41 + g. What is the units digit of q?
4
Let t = 47 - 21. Suppose 0 = 4*s - 3*r - 17, -5*s - 2*r = -r - t. Suppose 4*a + s*k = 41, -a - 2*k - 43 = -6*a. What is the units digit of a?
9
Let n(x) = -2*x - 1. Let o be n(-2). Suppose 0 = o*y + 2*l - 26, 7*y - 2*l = 5*y + 14. Let t = 14 - y. What is the units digit of t?
6
Let f be 2/8*-2*-10. Suppose -2*u = -f*u + 6. What is the units digit of 1*(-3)/(u - 5)?
1
Let r = 6 + 0. Let x = 1 + r. Suppose -4*j - 27 = -x*j. What is the units digit of j?
9
Let l(p) = 244*p**2 - 3*p - 1. What is the hundreds digit of l(-1)?
2
Suppose -32 = -h - 0*b - 2*b, 4*h = -2*b + 98. Suppose n - 3*g = -7, 4*n - 2*g - 4 + h = 0. Let w = n - -9. What is the units digit of w?
5
Let h be ((-3)/(-2))/((-9)/(-6)). Let y be 1/h + 1*-8. What is the units digit of (y/2)/(2/(-4))?
7
Let i(h) = -h - 2. Let m be i(-6). Suppose -m = -0*v - v. What is the units digit of (-1)/v + (-148)/(-16)?
9
Let u = -86 - -22. What is the units digit of -4*8/(u/90)?
5
Let i(a) = -a**2 - 11*a - 12. Let k be i(-10). Let w = 4 + k. What is the units digit of 1/(-1*w/(-14))?
7
Suppose o + 2 + 0 = 0. Let d be 3/o*4/(-2). Suppose 0 = -w + 2*g + 14, 52 = -0*w + d*w - g. What is the units digit of w?
8
Let o(p) be the second derivative of -p**4/12 + 7*p**3/6 - p**2/2 - 3*p. What is the tens digit of o(3)?
1
Let j = 52 - 75. Let x = -5 - j. What is the tens digit of x?
1
Let x(v) = -42*v**3 - 2*v - 1. What is the tens digit of x(-1)?
4
Let o = 247 + -170. What is the units digit of o?
7
Let j = -11 - -7. What is the tens digit of 2*((-190)/j)/5?
1
Let p = 30 - -4. What is the units digit of p?
4
What is the units digit of (4 - 1)*-2*-4?
4
Let y(a) = -9*a - 1. Let p be y(2). Let w = p - -33. What is the tens digit of w?
1
Let w = 6 + -6. What is the units digit of 10 - (w - -3 - 3)?
0
Let g = -3 - -4. Let z = -5 - g. Let l = 12 + z. What is the units digit of l?
6
Let g = 71 + 68. What is the units digit of g?
9
Suppose 0 = 2*k - 4*v - 440, v + 2*v = 4*k - 905. What is the units digit of k?
0
Let c(z) = z**3 - 57. Let h be c(0). Let l = 64 - 37. What is the units digit of (-1)/(h/l - -2)?
9
Let c(k) = k**2 - 7*k - 6. Let t be c(8). Suppose -3*x 